reatest common factor of 5 and y.
5
Let n(t) = -11*t + 662. Let g be n(60). Let l = 5 - 3. Suppose l = y - 4. Calculate the highest common divisor of g and y.
2
Suppose 11*x + 14 = 25. Calculate the greatest common factor of x and 5.
1
Suppose -2*t = -3*u - 1228, -2*t + u + 245 = -979. What is the highest common factor of 13 and t?
13
Suppose 2*h + 2*p + 2*p = 154, -3*h + 231 = -p. Suppose -4*c = -16, 3*c - c - h = -3*j. Calculate the greatest common factor of j and 253.
23
Let u be (531/(-6))/((-3)/4). Let c = -6019 - -6196. What is the highest common divisor of u and c?
59
Let f(a) be the second derivative of -a**5 + a**4/12 + a**3/3 + a**2/2 - 54*a. Let y = -2 + 1. Let m be f(y). Calculate the highest common divisor of 8 and m.
4
Let w = 60 - 56. Suppose -5*r + 147 = w*b, b - 3*r - 39 = -2*r. Calculate the greatest common divisor of 418 and b.
38
Let u(y) = -3*y - 3. Let k be u(-2). Let r = -1 - -1. Let i = k + r. Calculate the highest common factor of i and 21.
3
Let n = -26 - -13. Let k(l) = -l**2 - 12*l + 16. Let u be k(n). What is the greatest common factor of u and 12?
3
Let v be 80/(-24) - 7189/(-21). Calculate the highest common factor of v and 3.
3
Suppose 0*n = -8*n - 0*n. Suppose -5*l = -5, -3*l = -5*x + 107 - n. Let s(a) = 7*a**2 + a + 6. Let p be s(-5). What is the highest common factor of p and x?
22
Let o = 149 - 162. Let r(j) = 6*j + 84. Let m be r(o). What is the greatest common factor of m and 96?
6
Let f = 10 - 4. Let q(r) = r**2 + 2*r - 11. Let h be q(0). Let y(l) = l + 26. Let n be y(h). What is the greatest common divisor of f and n?
3
Let k(z) = -z**3 - 2*z + 1. Let s be k(-2). Suppose y - 5 = -4*y. Let j be (y + 8)/((-1)/(-13)). What is the greatest common divisor of s and j?
13
Let f = 131 - 34. Let t = 185 - f. What is the highest common factor of t and 22?
22
Let t(a) = a**3 + a**2. Let r be t(1). Let d be (0 - 1) + (-96)/(-16). Suppose -d*g - 81 = -3*h + r, -20 = 5*g. What is the greatest common divisor of 42 and h?
21
Suppose -10 = 4*h - 146. Let r(u) = 0 + 19*u - 9*u**2 - 6 + 3*u + 8*u**2. Let f be r(20). Calculate the highest common factor of h and f.
34
Suppose -4*n = 12 + 4. Let h(m) = -m**3 - 5*m**2 - 5*m - 3. Let g be h(n). Suppose g = x + 2*j, -4*j = j. What is the highest common factor of 2 and x?
1
Let z be (-5)/((-5)/6) - (8 + -11). Let f(b) = 13*b - 45. Let x be f(z). What is the highest common divisor of x and 9?
9
Let z = -12 + 90. Let r = -13 - -65. What is the greatest common factor of z and r?
26
Suppose -53*v = -1105 - 803. Suppose -2*r = 4 - 2, 0 = -5*y - 4*r + 16. What is the greatest common factor of v and y?
4
Let o be (-119)/2 + 33/(-22). Let h = o + 97. Let m = 118 - 28. Calculate the greatest common factor of m and h.
18
Let r be (-7869)/(-86) - 3/(-2). Calculate the highest common divisor of 186 and r.
93
Let g = -2538 - -5794. What is the greatest common divisor of 44 and g?
44
Let s(t) = t**3 - 11*t**2 - 61*t + 41. Let d be s(15). What is the highest common factor of d and 1066?
26
Suppose 0 = -4*f - s + 223 + 158, s = -2*f + 191. Let u be 18/1 - (0 - -3). Let h be 279/u + 8/20. Calculate the greatest common factor of h and f.
19
Let b(x) = 4*x**3 + x. Suppose d - 2*d - 3 = 0. Let p be (2/d)/((-6)/9). Let s be b(p). What is the greatest common divisor of 15 and s?
5
Let l = -2526 + 2535. What is the greatest common divisor of 3366 and l?
9
Let z(q) = -3*q - 17. Let i be (-3)/(((-20)/(-15))/4). Let a be z(i). What is the greatest common divisor of 50 and a?
10
Suppose 0 = 3*d - 6, 3*o = 2*d + 16 + 10. Suppose -9*r - o = -82. What is the greatest common factor of 88 and r?
8
Let u(d) = -35*d + 139. Let a be u(-7). What is the highest common factor of 12 and a?
12
Let w = -21 + 35. Let c be (7 - 9) + 2*11. Let j = 174 - c. Calculate the highest common divisor of j and w.
14
Suppose p = -2*p + 18. Suppose 4*a - p*t - 220 = -2*t, -5*t - 25 = 0. Let h be 50/4*440/a. What is the greatest common divisor of 10 and h?
10
Let w(j) = j**3 - 5*j**2 - 5*j - 7. Let b be w(7). Suppose 238 = b*d - 55*d. Calculate the greatest common factor of 34 and d.
34
Let g be 1 + 50/(-1) + 3. Let i = g - -65. What is the greatest common divisor of 133 and i?
19
Suppose -5*k = -3*h + 444 + 269, 2*k = 2*h - 470. Calculate the greatest common factor of h and 42.
21
Let w(u) = 13*u - 9. Suppose b - 5*a = 22, -b - 4*a - 4 = 1. Let f be w(b). Calculate the greatest common divisor of 205 and f.
41
Suppose -3*a + 50 = 8. Let o = 839 + -355. Suppose 3*t + 569 = 5*q, 0 = -4*q - t - 39 + o. Calculate the greatest common divisor of q and a.
14
Let s be 352/18 - ((-16)/(-36))/(-1). What is the highest common factor of 860 and s?
20
Suppose -3*s = -s + 8. Let n = s - -1. Let o be n - (1 - 7)*1. What is the highest common divisor of 33 and o?
3
Let g(y) = -7*y**3 + 3*y**2 + y**2 + y - 25*y**3 - 2*y**2. Let w be g(-1). What is the highest common divisor of w and 231?
33
Suppose 3*r + 5*w - 596 + 537 = 0, 14 = r - 4*w. Suppose 3*g + 3*t + 6 = 51, -g + 3*t + 3 = 0. What is the highest common divisor of r and g?
6
Suppose -8 - 7 = -5*c. Let r be (-45)/(-2)*6/c. Suppose 2*m - r = -2*m + 5*q, -45 = -5*m - 5*q. What is the highest common divisor of 110 and m?
10
Suppose -20 = 3*u - 6*u - 2*q, 5 = u - q. Let b be u/(-8)*-12 - 1. Calculate the highest common divisor of 24 and b.
8
Let s = -2346 - -2550. Calculate the greatest common divisor of 510 and s.
102
Suppose -4*k - 13 - 59 = 0. Let x = -39 - k. Let b = -4 - x. Calculate the greatest common factor of 136 and b.
17
Let q be -20*(-11 - 44/(-5)). Calculate the highest common factor of q and 2948.
44
Let b = 23 + 26. Suppose 3*k = 4*l + 172, 3*k + 2*l = -0*l + 166. Suppose -5*o + k - 9 = 4*z, -34 = -4*o - 2*z. What is the greatest common factor of b and o?
7
Suppose -6 = 29*x - 32*x. Suppose -x*h - d + 16 + 6 = 0, 3*d = h - 11. Suppose -a = -83 + 28. What is the greatest common factor of h and a?
11
Let p = -5 + 18. Let c(i) = -30*i - 29. Let x be c(-4). What is the highest common divisor of x and p?
13
Suppose -3*o = -5*f - 62, 0 = 5*o - 5*f - 18 - 82. Suppose 36 = j + o. Calculate the greatest common factor of 17 and j.
17
Let m be (3 + 111)*21*(-12)/(-108). Calculate the highest common divisor of m and 76.
38
Let r = 63 - 55. Suppose -5*h + 11 = 5*y - 119, 4*h - r = 0. What is the greatest common divisor of y and 72?
24
Let u(d) = -d**2 + 20*d - 13. Let c be u(19). Let h be 10/3*c/4. Suppose -2*f + 9 = -h. Calculate the greatest common divisor of f and 63.
7
Let p = -23 + 155. Suppose 5*g + 5*c - 103 = 177, 2*g = 3*c + p. What is the highest common divisor of g and 24?
12
Let t(m) = -26*m + 221. Let w be t(5). What is the highest common factor of w and 169?
13
Let h(o) = -o**3 - 9*o**2 - 9*o - 7. Let w be h(-8). Let d = w + 5. Let u = 16 - d. Calculate the greatest common divisor of 2 and u.
2
Suppose 0 + 4 = c. Suppose -2 - 6 = -2*v + 3*f, -5*v + c*f + 34 = 0. Let i be (825/385)/((-12)/(-28)). What is the highest common divisor of i and v?
5
Suppose 29*z - 21 = 22*z. Let t = 49 - z. Calculate the highest common factor of t and 69.
23
Let b = -113 - -146. What is the highest common divisor of b and 660?
33
Let f be 7 + -4 - -25 - -2. Let h be (-1 - -1)/((-4)/(-2)). Suppose h = -r + 14 + 61. Calculate the highest common factor of f and r.
15
Let x(q) = -q**3 + q**2 + 14*q - 5. Let w be x(-8). What is the greatest common divisor of 54 and w?
27
Let j = 4 - 2. Suppose -2*z = -z - j. Suppose z*i - 3*i + 229 = 2*u, 3*u = 2*i + 347. Calculate the highest common divisor of u and 23.
23
Suppose -3*j - 7*p + 6*p + 100 = 0, 5*j - 5*p = 140. Suppose -s + 3*s + 3*h = 64, 0 = -h. What is the highest common divisor of j and s?
32
Let k be (-236)/(-76) - 34/323. What is the highest common factor of 201 and k?
3
Let t = 526 - 454. Calculate the highest common factor of t and 126.
18
Let w be 12/15*-1*(-11110)/4. Calculate the highest common factor of w and 44.
22
Let u = -179 + 292. Suppose x - 2*r = 104, x - r + u = 2*x. Calculate the greatest common factor of 11 and x.
11
Let v(u) = 41*u - 1136. Let s be v(28). Calculate the highest common divisor of s and 846.
6
Let m(q) = 17*q - 35. Let u be m(7). Suppose d + 3*p = u, 5*p = d + 3*p - 94. Let v be 242/4 + (-2)/4. What is the greatest common